e the remainder when 26079 is divided by 8683.
30
Calculate the remainder when 52131 is divided by 10419.
36
What is the remainder when 198530 is divided by 66173?
11
Calculate the remainder when 15153 is divided by 281.
260
What is the remainder when 3480 is divided by 1154?
18
What is the remainder when 7302 is divided by 412?
298
Calculate the remainder when 870 is divided by 348.
174
Calculate the remainder when 99 is divided by 82.
17
Calculate the remainder when 2654 is divided by 2384.
270
Calculate the remainder when 5838 is divided by 2159.
1520
Calculate the remainder when 1875870 is divided by 694.
682
What is the remainder when 48439 is divided by 28?
27
Calculate the remainder when 12430 is divided by 6198.
34
Calculate the remainder when 107639 is divided by 23.
22
What is the remainder when 77253 is divided by 6?
3
What is the remainder when 15325 is divided by 60?
25
Calculate the remainder when 314 is divided by 106.
102
Calculate the remainder when 3948 is divided by 59.
54
What is the remainder when 1356 is divided by 675?
6
Calculate the remainder when 514663 is divided by 77.
72
Calculate the remainder when 843 is divided by 110.
73
What is the remainder when 679836 is divided by 28?
24
What is the remainder when 63631 is divided by 96?
79
Calculate the remainder when 13725 is divided by 484.
173
Calculate the remainder when 4072 is divided by 828.
760
What is the remainder when 6712 is divided by 741?
43
Calculate the remainder when 3083 is divided by 2426.
657
Calculate the remainder when 9960 is divided by 4892.
176
Calculate the remainder when 5674 is divided by 1832.
178
What is the remainder when 25927 is divided by 79?
15
Calculate the remainder when 19748 is divided by 95.
83
Calculate the remainder when 112999 is divided by 37661.
16
What is the remainder when 838 is divided by 68?
22
Calculate the remainder when 17358 is divided by 8.
6
Calculate the remainder when 7697 is divided by 2366.
599
What is the remainder when 154520 is divided by 1578?
1454
Calculate the remainder when 678 is divided by 135.
3
Calculate the remainder when 64032 is divided by 14.
10
Calculate the remainder when 1908709 is divided by 90.
79
Calculate the remainder when 474165 is divided by 14.
13
Calculate the remainder when 1330 is divided by 21.
7
Calculate the remainder when 343718 is divided by 868.
858
Calculate the remainder when 43313 is divided by 22.
17
Calculate the remainder when 12593 is divided by 55.
53
Calculate the remainder when 3845 is divided by 78.
23
Calculate the remainder when 2419 is divided by 18.
7
What is the remainder when 29699 is divided by 100?
99
Calculate the remainder when 14964 is divided by 4756.
696
Calculate the remainder when 96699 is divided by 612.
3
What is the remainder when 209 is divided by 1?
0
Calculate the remainder when 57665 is divided by 57574.
91
Calculate the remainder when 76635 is divided by 25488.
171
What is the remainder when 149810 is divided by 559?
557
What is the remainder when 2005 is divided by 65?
55
What is the remainder when 2135 is divided by 571?
422
Calculate the remainder when 14603 is divided by 2074.
85
What is the remainder when 29279 is divided by 122?
121
Calculate the remainder when 40487 is divided by 25.
12
Calculate the remainder when 28265 is divided by 87.
77
What is the remainder when 286477 is divided by 52?
9
What is the remainder when 12193 is divided by 155?
103
Calculate the remainder when 11520 is divided by 63.
54
What is the remainder when 86127 is divided by 28?
27
What is the remainder when 12533 is divided by 110?
103
Calculate the remainder when 13097566 is divided by 316.
314
What is the remainder when 11157 is divided by 2079?
762
What is the remainder when 147037 is divided by 51?
4
What is the remainder when 41597 is divided by 1162?
927
Calculate the remainder when 1452 is divided by 159.
21
Calculate the remainder when 4773 is divided by 1238.
1059
What is the remainder when 114046 is divided by 176?
174
Calculate the remainder when 80727 is divided by 93.
3
What is the remainder when 1141 is divided by 232?
213
Calculate the remainder when 98154 is divided by 503.
69
Calculate the remainder when 2287 is divided by 62.
55
Calculate the remainder when 281773 is divided by 25.
23
Calculate the remainder when 188346 is divided by 31.
21
What is the remainder when 1422 is divided by 85?
62
What is the remainder when 709 is divided by 341?
27
Calculate the remainder when 7011682 is divided by 18.
16
What is the remainder when 113763 is divided by 362?
95
Calculate the remainder when 3185 is divided by 163.
88
What is the remainder when 431463 is divided by 28?
11
Calculate the remainder when 1242193 is divided by 15.
13
Calculate the remainder when 2890 is divided by 1432.
26
Calculate the remainder when 1845 is divided by 3.
0
What is the remainder when 10673 is divided by 2133?
8
What is the remainder when 8205 is divided by 565?
295
Calculate the remainder when 327007 is divided by 163491.
25
What is the remainder when 2630 is divided by 876?
2
Calculate the remainder when 977 is divided by 231.
53
Calculate the remainder when 19078 is divided by 295.
198
Calculate the remainder when 16898 is divided by 21.
14
What is the remainder when 5712 is divided by 87?
57
What is the remainder when 193041 is divided by 38606?
11
What is the remainder when 14216 is divided by 31?
18
What is the remainder when 1101 is divided by 16?
13
What is the remainder when 1305 is divided by 185?
10
What is the remainder when 5888 is divided by 1470?
8
What is the remainder when 17370 is divided by 316?
306
Calculate the remainder when 80855 is divided by 2886.
47
What is the remainder when 608359 is divided by 131?
126
Calculate the remainder when 752751 is divided by 308.
307
What is the remainder when 98265 is divided by 110?
35
What is the remainder when 147680 is divided by 10548?
8
What is the remainder when 2226307 is divided by 127?
124
Calculate the remainder when 57832 is divided by 19274.
10
Calculate the remainder when 83008 is divided by 354.
172
What is the remainder when 909378 is divided by 42?
36
What is the remainder when 37915 is divided by 9453?
103
Calculate the remainder when 513322 is divided by 94.
82
Calculate the remainder when 57259 is divided by 169.
137
Calculate the remainder when 780493 is divided by 15.
13
What is the remainder when 26037 is divided by 93?
90
What is the remainder when 109716 is divided by 27429?
0
What is the remainder when 42519 is divided by 886?
877
What is the remainder when 58557 is divided by 1775?
1757
What is the remainder when 1562 is divided by 228?
194
Calculate the remainder when 485 is divided by 63.
44
Calculate the remainder when 45322 is divided by 37.
34
What is the remainder when 13965 is divided by 72?
69
What is the remainder when 27866 is divided by 249?
227
What is the remainder when 6194 is divided by 1666?
1196
What is the remainder when 788419 is divided by 133?
128
What is the remainder when 64290 is divided by 215?
5
Calculate the remainder when 1240249 is divided by 331.
323
Calculate the remainder when 10886 is divided by 3553.
227
Calculate the remainder when 5055 is divided by 361.
1
What is the remainder when 66219 is divided by 172?
171
What is the remainder when 505 is divided by 353?
152
Calculate the remainder when 27096 is divided by 13543.
10
Calculate the remainder when 72105 is divided by 35931.
243
Calculate the remainder when 154 is divided by 120.
34
Calculate the remainder when 2336 is divided by 461.
31
Calculate the remainder when 76893 is divided by 96.
93
Calculate the remainder when 90188 is divided by 3.
2
What is the remainder when 277642 is divided by 18?
10
Calculate the remainder when 144635 is divided by 48209.
8
Calculate the remainder when 12617 is divided by 269.
243
What is the remainder when 11806 is divided by 271?
153
Calculate the remainder when 5653 is divided by 613.
136
Calculate the remainder when 25437 is divided by 3618.
111
What is the remainder when 1537176 is divided by 604?
600
What is the remainder when 257597 is divided by 50?
47
Calculate the remainder when 23544 is divided by 11765.
14
What is the remainder when 368792 is divided by 